{"id":254,"date":"2018-01-11T04:44:13","date_gmt":"2018-01-11T04:44:13","guid":{"rendered":"http:\/\/ufadesign.com.br\/loja\/?post_type=product&#038;p=254"},"modified":"2024-03-07T01:35:37","modified_gmt":"2024-03-07T04:35:37","slug":"pasta-corporativa","status":"publish","type":"product","link":"https:\/\/ufadesign.com.br\/loja\/produto\/pasta-corporativa\/","title":{"rendered":"Pasta Corporativa"},"content":{"rendered":"","protected":false},"excerpt":{"rendered":"<p>Pasta Corporativa com Arte Externa + 2 L\u00e2minas Internas + Corte para encaixe de cart\u00e3o.<\/p>\n<p>Perfeitas para apresenta\u00e7\u00f5es comerciais e entrega de propostas.<\/p>\n<p><strong>Importante:<\/strong>\u00a0Ap\u00f3s a compra entraremos em contato para colher informa\u00e7\u00f5es sobre o projeto.<\/p>\n<p><strong>Prazo de entrega da arte:<\/strong>\u00a010\u00a0dias \u00fateis ap\u00f3s a confirma\u00e7\u00e3o da compra.<br \/>\n<strong>Voc\u00ea ir\u00e1 receber:<\/strong>\u00a0Arte Digital finalizada em PDF e pronta para ser impressa na gr\u00e1fica (j\u00e1 com sangria, marcas de corte e vinco)<\/p>\n","protected":false},"featured_media":283,"template":"","meta":{"jetpack_post_was_ever_published":false,"jetpack_publicize_message":"","jetpack_publicize_feature_enabled":true,"jetpack_social_post_already_shared":false,"jetpack_social_options":{"image_generator_settings":{"template":"highway","enabled":false}}},"product_cat":[15,37],"product_tag":[],"class_list":{"0":"post-254","1":"product","2":"type-product","3":"status-publish","4":"has-post-thumbnail","6":"product_cat-identidade-visual","7":"product_cat-todos","9":"first","10":"instock","11":"virtual","12":"purchasable","13":"product-type-simple"},"jetpack_publicize_connections":[],"jetpack_sharing_enabled":true,"_links":{"self":[{"href":"https:\/\/ufadesign.com.br\/loja\/wp-json\/wp\/v2\/product\/254"}],"collection":[{"href":"https:\/\/ufadesign.com.br\/loja\/wp-json\/wp\/v2\/product"}],"about":[{"href":"https:\/\/ufadesign.com.br\/loja\/wp-json\/wp\/v2\/types\/product"}],"wp:featuredmedia":[{"embeddable":true,"href":"https:\/\/ufadesign.com.br\/loja\/wp-json\/wp\/v2\/media\/283"}],"wp:attachment":[{"href":"https:\/\/ufadesign.com.br\/loja\/wp-json\/wp\/v2\/media?parent=254"}],"wp:term":[{"taxonomy":"product_cat","embeddable":true,"href":"https:\/\/ufadesign.com.br\/loja\/wp-json\/wp\/v2\/product_cat?post=254"},{"taxonomy":"product_tag","embeddable":true,"href":"https:\/\/ufadesign.com.br\/loja\/wp-json\/wp\/v2\/product_tag?post=254"}],"curies":[{"name":"wp","href":"https:\/\/api.w.org\/{rel}","templated":true}]}}