{"id":180,"date":"2017-11-09T05:34:05","date_gmt":"2017-11-09T08:34:05","guid":{"rendered":"http:\/\/ufadesign.com.br\/loja\/?post_type=product&#038;p=180"},"modified":"2024-03-06T23:40:42","modified_gmt":"2024-03-07T02:40:42","slug":"logotipo-profissional","status":"publish","type":"product","link":"https:\/\/ufadesign.com.br\/loja\/produto\/logotipo-profissional\/","title":{"rendered":"Logotipo Profissional"},"content":{"rendered":"","protected":false},"excerpt":{"rendered":"<h4><span style=\"font-family: 'Roboto Condensed', sans-serif; color: #111111;\">R$ 660,00 \u00e0 vista (via transfer\u00eancia banc\u00e1ria ou pix) ou parcelado em at\u00e9 10x com juros<\/span><\/h4>\n<p>O Logotipo contribui fortemente para a visibilidade da sua empresa no mercado. Antes de criar seu logotipo, \u00e9 importante que voc\u00ea tenha definido a miss\u00e3o e valores do seu neg\u00f3cio, bem como seu p\u00fablico alvo, perfil e necessidades. Essas informa\u00e7\u00f5es ajudar\u00e3o a criar o logotipo que ir\u00e1 atrair o olhar do p\u00fablico que voc\u00ea quer alcan\u00e7ar.<\/p>\n<p>\u00c9 importante\u00a0esclarecer que um Logotipo Profissional deve ser objetivo, de leitura r\u00e1pida, formas claras, sem muitos efeitos e elementos.\u00a0Perceba que os logotipos mais famosos do mundo e s\u00e3o simples: Apple, Nike, Coca-Cola, Adidas, etc. Opte por fontes e cores simples, que combinem com sua marca.<\/p>\n<p><strong>Importante:<\/strong> Ap\u00f3s a compra, enviaremos um e-mail contendo um briefing que dever\u00e1 ser respondido e enviado para n\u00f3s assim que poss\u00edvel, pois \u00e9 atrav\u00e9s desse question\u00e1rio que\u00a0obteremos as informa\u00e7\u00f5es necess\u00e1rias para o desenvolvimento do logotipo.<\/p>\n<ul>\n<li><strong>Prazo de entrega:<\/strong>\u00a07 dias \u00fateis ap\u00f3s o recebimento do briefing respondido. Caso o cliente solicite ajustes\/ altera\u00e7\u00f5es ou outro modelo de logo, o prazo para a entrega se estende at\u00e9 que consigamos atingir as expectativas do cliente.<\/li>\n<li><strong>Voc\u00ea ir\u00e1 receber:<\/strong>\u00a0Arquivo final vetorizado + Brand Book + PNGs em alta resolu\u00e7\u00e3o do logo original colorido, vers\u00e3o em branco, vers\u00e3o\u00a0em preto e vers\u00e3o em escala de cinza.<\/li>\n<\/ul>\n","protected":false},"featured_media":270,"template":"","meta":{"jetpack_post_was_ever_published":false,"jetpack_publicize_message":"","jetpack_publicize_feature_enabled":true,"jetpack_social_post_already_shared":false,"jetpack_social_options":{"image_generator_settings":{"template":"highway","enabled":false}}},"product_cat":[15,37],"product_tag":[33,31,32],"class_list":{"0":"post-180","1":"product","2":"type-product","3":"status-publish","4":"has-post-thumbnail","6":"product_cat-identidade-visual","7":"product_cat-todos","8":"product_tag-basico","9":"product_tag-logotipo","10":"product_tag-simples","12":"first","13":"instock","14":"sale","15":"virtual","16":"purchasable","17":"product-type-simple"},"jetpack_publicize_connections":[],"jetpack_sharing_enabled":true,"_links":{"self":[{"href":"https:\/\/ufadesign.com.br\/loja\/wp-json\/wp\/v2\/product\/180"}],"collection":[{"href":"https:\/\/ufadesign.com.br\/loja\/wp-json\/wp\/v2\/product"}],"about":[{"href":"https:\/\/ufadesign.com.br\/loja\/wp-json\/wp\/v2\/types\/product"}],"wp:featuredmedia":[{"embeddable":true,"href":"https:\/\/ufadesign.com.br\/loja\/wp-json\/wp\/v2\/media\/270"}],"wp:attachment":[{"href":"https:\/\/ufadesign.com.br\/loja\/wp-json\/wp\/v2\/media?parent=180"}],"wp:term":[{"taxonomy":"product_cat","embeddable":true,"href":"https:\/\/ufadesign.com.br\/loja\/wp-json\/wp\/v2\/product_cat?post=180"},{"taxonomy":"product_tag","embeddable":true,"href":"https:\/\/ufadesign.com.br\/loja\/wp-json\/wp\/v2\/product_tag?post=180"}],"curies":[{"name":"wp","href":"https:\/\/api.w.org\/{rel}","templated":true}]}}