{"id":162,"date":"2017-11-09T03:17:34","date_gmt":"2017-11-09T03:17:34","guid":{"rendered":"http:\/\/ufadesign.com.br\/loja\/?post_type=product&#038;p=162"},"modified":"2018-04-30T17:19:13","modified_gmt":"2018-04-30T17:19:13","slug":"logotipo-simples","status":"publish","type":"product","link":"https:\/\/ufadesign.com.br\/loja\/produto\/logotipo-simples\/","title":{"rendered":"Logotipo Simplificado"},"content":{"rendered":"","protected":false},"excerpt":{"rendered":"<p>O &#8220;Logotipo Simplificado&#8221; cont\u00e9m apenas texto, sem imagens ou \u00edcones. \u00d3tima op\u00e7\u00e3o para quem utiliza o pr\u00f3prio nome como marca ou para aqueles que querem um logotipo simples, pr\u00e1tico e de valor acess\u00edvel.<\/p>\n<p><strong>Importante:<\/strong>\u00a0Ap\u00f3s a compra, enviaremos um e-mail contendo um briefing que dever\u00e1 ser respondido e enviado para n\u00f3s assim que poss\u00edvel, pois\u00a0ser\u00e1 atrav\u00e9s desse question\u00e1rio que\u00a0obteremos informa\u00e7\u00f5es\u00a0importantes para a cria\u00e7\u00e3o do logotipo como: prefer\u00eancia por cor, tipo de fonte, etc.<\/p>\n<ul>\n<li><strong>Prazo de entrega:<\/strong>\u00a03 dias \u00fateis ap\u00f3s o recebimento do briefing respondido. Caso o cliente solicite ajustes\/ altera\u00e7\u00f5es ou outro modelo de logo, o prazo para a entrega se estende at\u00e9 que consigamos atingir as expectativas do cliente.<\/li>\n<li><strong>Voc\u00ea ir\u00e1 receber:<\/strong>\u00a0Arquivo final vetorizado + Brand Book + PNGs em alta resolu\u00e7\u00e3o do logo original colorido, vers\u00e3o em branco, vers\u00e3o\u00a0em preto e vers\u00e3o em escala de cinza.<\/li>\n<\/ul>\n<p>&nbsp;<\/p>\n","protected":false},"featured_media":281,"template":"","meta":{"jetpack_post_was_ever_published":false,"jetpack_publicize_message":"","jetpack_publicize_feature_enabled":true,"jetpack_social_post_already_shared":false,"jetpack_social_options":{"image_generator_settings":{"template":"highway","enabled":false}}},"product_cat":[15,37],"product_tag":[33,31,32],"class_list":{"0":"post-162","1":"product","2":"type-product","3":"status-publish","4":"has-post-thumbnail","6":"product_cat-identidade-visual","7":"product_cat-todos","8":"product_tag-basico","9":"product_tag-logotipo","10":"product_tag-simples","12":"first","13":"outofstock","14":"virtual","15":"purchasable","16":"product-type-simple"},"jetpack_publicize_connections":[],"jetpack_sharing_enabled":true,"_links":{"self":[{"href":"https:\/\/ufadesign.com.br\/loja\/wp-json\/wp\/v2\/product\/162"}],"collection":[{"href":"https:\/\/ufadesign.com.br\/loja\/wp-json\/wp\/v2\/product"}],"about":[{"href":"https:\/\/ufadesign.com.br\/loja\/wp-json\/wp\/v2\/types\/product"}],"wp:featuredmedia":[{"embeddable":true,"href":"https:\/\/ufadesign.com.br\/loja\/wp-json\/wp\/v2\/media\/281"}],"wp:attachment":[{"href":"https:\/\/ufadesign.com.br\/loja\/wp-json\/wp\/v2\/media?parent=162"}],"wp:term":[{"taxonomy":"product_cat","embeddable":true,"href":"https:\/\/ufadesign.com.br\/loja\/wp-json\/wp\/v2\/product_cat?post=162"},{"taxonomy":"product_tag","embeddable":true,"href":"https:\/\/ufadesign.com.br\/loja\/wp-json\/wp\/v2\/product_tag?post=162"}],"curies":[{"name":"wp","href":"https:\/\/api.w.org\/{rel}","templated":true}]}}